ds digit of 5075025?
0
What is the thousands digit of 11604082?
4
What is the ten thousands digit of 76153?
7
What is the units digit of 914941?
1
What is the thousands digit of 1039312?
9
What is the millions digit of 1400847?
1
What is the hundreds digit of 99571?
5
What is the units digit of 1090111?
1
What is the thousands digit of 909509?
9
What is the ten thousands digit of 1990708?
9
What is the hundreds digit of 2212766?
7
What is the hundred thousands digit of 34534411?
5
What is the units digit of 11574441?
1
What is the hundred thousands digit of 7507539?
5
What is the tens digit of 1339973?
7
What is the thousands digit of 82903?
2
What is the tens digit of 2558449?
4
What is the hundred thousands digit of 4350573?
3
What is the tens digit of 16681213?
1
What is the hundred thousands digit of 6159966?
1
What is the tens digit of 2609368?
6
What is the tens digit of 87939?
3
What is the millions digit of 4317838?
4
What is the ten thousands digit of 33563?
3
What is the ten thousands digit of 51707?
5
What is the units digit of 966952?
2
What is the hundred thousands digit of 564520?
5
What is the ten thousands digit of 442885?
4
What is the hundreds digit of 12924395?
3
What is the millions digit of 4834142?
4
What is the ten thousands digit of 8034354?
3
What is the units digit of 1073402?
2
What is the thousands digit of 335243?
5
What is the ten thousands digit of 57262?
5
What is the ten thousands digit of 3948705?
4
What is the hundreds digit of 18488?
4
What is the hundreds digit of 329833?
8
What is the units digit of 374755?
5
What is the thousands digit of 24633844?
3
What is the ten thousands digit of 1068796?
6
What is the hundreds digit of 20067932?
9
What is the hundred thousands digit of 802511?
8
What is the tens digit of 9271725?
2
What is the ten thousands digit of 150123?
5
What is the hundred thousands digit of 12849707?
8
What is the hundred thousands digit of 1145708?
1
What is the ten thousands digit of 3891927?
9
What is the tens digit of 399328?
2
What is the hundreds digit of 16957?
9
What is the thousands digit of 252835?
2
What is the units digit of 966505?
5
What is the ten thousands digit of 68438?
6
What is the ten thousands digit of 4029363?
2
What is the ten thousands digit of 9668683?
6
What is the ten thousands digit of 1389459?
8
What is the units digit of 578695?
5
What is the ten millions digit of 15316613?
1
What is the tens digit of 14042552?
5
What is the hundred thousands digit of 3564249?
5
What is the thousands digit of 322636?
2
What is the hundreds digit of 9848274?
2
What is the tens digit of 2034100?
0
What is the tens digit of 1216847?
4
What is the units digit of 976411?
1
What is the hundred thousands digit of 932027?
9
What is the tens digit of 37080?
8
What is the hundred thousands digit of 563816?
5
What is the thousands digit of 1132038?
2
What is the thousands digit of 1708938?
8
What is the units digit of 9436602?
2
What is the hundred thousands digit of 1192431?
1
What is the millions digit of 1922518?
1
What is the units digit of 586856?
6
What is the tens digit of 37974?
7
What is the ten millions digit of 30089561?
3
What is the hundreds digit of 3067?
0
What is the tens digit of 662830?
3
What is the thousands digit of 140236?
0
What is the millions digit of 6623588?
6
What is the tens digit of 36588275?
7
What is the tens digit of 1825582?
8
What is the ten thousands digit of 12799?
1
What is the tens digit of 556087?
8
What is the tens digit of 602376?
7
What is the tens digit of 225947?
4
What is the hundreds digit of 623200?
2
What is the hundreds digit of 7825391?
3
What is the tens digit of 4995638?
3
What is the thousands digit of 436744?
6
What is the tens digit of 179828?
2
What is the tens digit of 12326500?
0
What is the ten thousands digit of 4750246?
5
What is the millions digit of 3855322?
3
What is the tens digit of 884837?
3
What is the ten thousands digit of 3049802?
4
What is the tens digit of 387178?
7
What is the hundreds digit of 227917?
9
What is the thousands digit of 5440996?
0
What is the ten thousands digit of 1133484?
3
What is the hundreds digit of 2401335?
3
What is the millions digit of 3527986?
3
What is the ten thousands digit of 625877?
2
What is the ten thousands digit of 15400843?
0
What is the thousands digit of 10380401?
0
What is the hundreds digit of 16265386?
3
What is the ten thousands digit of 39036?
3
What is the millions digit of 3086512?
3
What is the hundreds digit of 868416?
4
What is the units digit of 605360?
0
What is the ten thousands digit of 6953638?
5
What is the ten thousands digit of 2766913?
6
What is the hundreds digit of 1674321?
3
What is the tens digit of 343810?
1
What is the ten thousands digit of 127073?
2
What is the ten thousands digit of 1261560?
6
What is the ten thousands digit of 1588906?
8
What is the ten millions digit of 16273132?
1
What is the tens digit of 1853477?
7
What is the units digit of 564679?
9
What is the tens digit of 372102?
0
What is the thousands digit of 1103120?
3
What is the hundreds digit of 61566?
5
What is the tens digit of 146392?
9
What is the hundreds digit of 3059038?
0
What is the millions digit of 3470084?
3
What is the ten thousands digit of 549227?
4
What is the hundred thousands digit of 798097?
7
What is the hundred thousands digit of 244749?
2
What is the hundred thousands digit of 1151754?
1
What is the tens digit of 9843563?
6
What is the ten thousands digit of 493794?
9
What is the hundred thousands digit of 429415?
4
What is the units digit of 3623002?
2
What is the thousands digit of 215420?
5
What is the tens digit of 3719817?
1
What is the millions digit of 5096552?
5
What is the tens digit of 185763?
6
What is the hundred thousands digit of 1121553?
1
What is the tens digit of 415242?
4
What is the ten thousands digit of 9330252?
3
What is the tens digit of 942508?
0
What is the hundreds digit of 247913?
9
What is the thousands digit of 107484?
7
What is the tens digit of 1883910?
1
What is the ten thousands digit of 1624571?
2
What is the hundred thousands digit of 17566033?
5
What is the units digit of 18803072?
2
What is the hundred thousands digit of 18480538?
4
What is the units digit of 384062?
2
What is the thousands digit of 24222341?
2
What is the millions digit of 3218003?
3
What is the hundreds digit of 959789?
7
What is the ten thousands digit of 7542229?
4
What is the hundred thousands digit of 229779?
2
What is the hundreds digit of 95087?
0
What is the tens digit of 360730?
3
What is the tens digit of 264674?
7
What is the hundred thousands digit of 605185?
6
What is the hundreds digit of 3260846?
8
What is the ten thousands digit of 5861543?
6
What is the ten thousands digit of 1610622?
1
What is the hundred thousands digit of 5213974?
2
What is the tens digit of 425834?
3
What is the tens digit of 196387?
8
What is the thousands digit of 9701359?
1
What is the hundreds digit of 150584?
5
What is the ten thousands digit of 135029?
3
What is the thousands digit of 959626?
9
What is the thousands digit of 16042?
6
What is the ten thousands digit of 1829741?
2
What is the millions digit of 13266972?
3
What is the units digit of 20023919?
9
What is the hundred thousands digit of 270768?
2
What is the thousands digit of 1023164?
3
What is the ten thousands digit of 4580608?
8
What is the units digit of 195142?
2
What is the units digit of 4286803?
3
What is the ten thousands digit of 169991?
6
What is the tens digit of 28783077?
7
What is the ten thousands digit of 370026?
7
What is the tens digit of 16761?
6
What is the ten thousands digit of 481459?
8
What is the units digit of 329512?
2
What is the ten thousands digit of 485142?
8
What is the units digit of 14699318?
8
What is the hundred thousands digit of 1732078?
7
What is the hundreds digit of 360701?
7
What is the thousands digit of 9876948?
6
What is the hundred thousands digit of 2619615?
6
What is the hundreds digit of 935119?
1
What is the tens digit of 3641033?
3
What is the hundreds digit of 1605025?
0
What is the hundreds digit of 8320164?
1
What is the hundreds digit of 238402?
4
What is the hundred thousands digit of 4834200?
8
What is the ten thousands digit of 282807?
8
What 